[INFO] cloning repository https://github.com/antiphoton/sxg-rs
[INFO] running `Command { std: "git" "-c" "credential.helper=" "-c" "credential.helper=/workspace/cargo-home/bin/git-credential-null" "clone" "--bare" "https://github.com/antiphoton/sxg-rs" "/workspace/cache/git-repos/https%3A%2F%2Fgithub.com%2Fantiphoton%2Fsxg-rs", kill_on_drop: false }`
[INFO] [stderr] Cloning into bare repository '/workspace/cache/git-repos/https%3A%2F%2Fgithub.com%2Fantiphoton%2Fsxg-rs'...
[INFO] running `Command { std: "git" "rev-parse" "HEAD", kill_on_drop: false }`
[INFO] [stdout] 2878ad17a3b944ffb15cbdc2f731bb58d9391e7d
[INFO] checking antiphoton/sxg-rs against master#9610dfe5a9a731ced1ea4923ecbd0c57fe367898 for beta-170-4
[INFO] running `Command { std: "git" "clone" "/workspace/cache/git-repos/https%3A%2F%2Fgithub.com%2Fantiphoton%2Fsxg-rs" "/workspace/builds/worker-6-tc1/source", kill_on_drop: false }`
[INFO] [stderr] Cloning into '/workspace/builds/worker-6-tc1/source'...
[INFO] [stderr] done.
[INFO] validating manifest of git repo https://github.com/antiphoton/sxg-rs on toolchain 9610dfe5a9a731ced1ea4923ecbd0c57fe367898
[INFO] running `Command { std: CARGO_HOME="/workspace/cargo-home" RUSTUP_HOME="/workspace/rustup-home" "/workspace/cargo-home/bin/cargo" "+9610dfe5a9a731ced1ea4923ecbd0c57fe367898" "metadata" "--manifest-path" "Cargo.toml" "--no-deps", kill_on_drop: false }`
[INFO] started tweaking git repo https://github.com/antiphoton/sxg-rs
[INFO] finished tweaking git repo https://github.com/antiphoton/sxg-rs
[INFO] tweaked toml for git repo https://github.com/antiphoton/sxg-rs written to /workspace/builds/worker-6-tc1/source/Cargo.toml
[INFO] crate git repo https://github.com/antiphoton/sxg-rs already has a lockfile, it will not be regenerated
[INFO] running `Command { std: CARGO_HOME="/workspace/cargo-home" RUSTUP_HOME="/workspace/rustup-home" "/workspace/cargo-home/bin/cargo" "+9610dfe5a9a731ced1ea4923ecbd0c57fe367898" "fetch" "--manifest-path" "Cargo.toml", kill_on_drop: false }`
[INFO] [stderr] warning: profiles for the non root package will be ignored, specify profiles at the workspace root:
[INFO] [stderr] package:   /workspace/builds/worker-6-tc1/source/cloudflare_worker/Cargo.toml
[INFO] [stderr] workspace: /workspace/builds/worker-6-tc1/source/Cargo.toml
[INFO] [stderr] warning: profiles for the non root package will be ignored, specify profiles at the workspace root:
[INFO] [stderr] package:   /workspace/builds/worker-6-tc1/source/fastly_compute/Cargo.toml
[INFO] [stderr] workspace: /workspace/builds/worker-6-tc1/source/Cargo.toml
[INFO] [stderr]     Updating crates.io index
[INFO] [stderr]     Updating git repository `https://github.com/felipenoris/hyper-reverse-proxy`
[INFO] [stderr]  Downloading crates ...
[INFO] [stderr]   Downloaded sys-info v0.9.0
[INFO] [stderr]   Downloaded console v0.11.3
[INFO] [stderr]   Downloaded is_executable v0.1.2
[INFO] [stderr]   Downloaded binary-install v0.0.3-alpha.1
[INFO] [stderr]   Downloaded os-version v0.2.0
[INFO] [stderr]   Downloaded cloudflare v0.9.1
[INFO] [stderr]   Downloaded log-fastly v0.8.9
[INFO] [stderr]   Downloaded hyper-trust-dns v0.5.0
[INFO] [stderr]   Downloaded billboard v0.1.0
[INFO] [stderr]   Downloaded byte-strings-proc_macros v0.2.2
[INFO] [stderr]   Downloaded block-buffer v0.10.1
[INFO] [stderr]   Downloaded text_io v0.1.9
[INFO] [stderr]   Downloaded byte-strings v0.2.2
[INFO] [stderr]   Downloaded rusticata-macros v4.0.0
[INFO] [stderr]   Downloaded path-slash v0.1.4
[INFO] [stderr]   Downloaded tls-listener v0.5.1
[INFO] [stderr]   Downloaded serde_path_to_error v0.1.5
[INFO] [stderr]   Downloaded fastly v0.8.9
[INFO] [stderr]   Downloaded lol_html v0.3.1
[INFO] [stderr]   Downloaded serde_with v1.9.4
[INFO] [stderr]   Downloaded ecdsa v0.14.0
[INFO] [stderr]   Downloaded elliptic-curve v0.12.1
[INFO] [stderr]   Downloaded oauth2 v4.1.0
[INFO] [stderr]   Downloaded fastly-sys v0.8.9
[INFO] [stderr]   Downloaded plist v1.2.1
[INFO] [stderr]   Downloaded predicates v2.0.2
[INFO] [stderr]   Downloaded fastly-macros v0.8.9
[INFO] [stderr]   Downloaded fastly-shared v0.8.9
[INFO] [stderr]   Downloaded rfc6979 v0.2.0
[INFO] [stderr]   Downloaded chrome-devtools-rs v0.0.0-alpha.3
[INFO] [stderr]   Downloaded crypto-bigint v0.4.7
[INFO] [stderr]   Downloaded serde-wasm-bindgen v0.4.5
[INFO] [stderr]   Downloaded wrangler v1.19.13
[INFO] running `Command { std: "docker" "create" "-v" "/var/lib/crater-agent-workspace/builds/worker-6-tc1/target:/opt/rustwide/target:rw,Z" "-v" "/var/lib/crater-agent-workspace/builds/worker-6-tc1/source:/opt/rustwide/workdir:ro,Z" "-v" "/var/lib/crater-agent-workspace/cargo-home:/opt/rustwide/cargo-home:ro,Z" "-v" "/var/lib/crater-agent-workspace/rustup-home:/opt/rustwide/rustup-home:ro,Z" "-e" "SOURCE_DIR=/opt/rustwide/workdir" "-e" "CARGO_TARGET_DIR=/opt/rustwide/target" "-e" "CARGO_HOME=/opt/rustwide/cargo-home" "-e" "RUSTUP_HOME=/opt/rustwide/rustup-home" "-w" "/opt/rustwide/workdir" "-m" "1610612736" "--user" "0:0" "--network" "none" "ghcr.io/rust-lang/crates-build-env/linux@sha256:19e73879b68f455e41552ea35293514db52ea292d993f571636dbffedb77a1ee" "/opt/rustwide/cargo-home/bin/cargo" "+9610dfe5a9a731ced1ea4923ecbd0c57fe367898" "metadata" "--no-deps" "--format-version=1", kill_on_drop: false }`
[INFO] [stdout] c710557d388a0f5733268d1253b5f34499513249f445be4177ce0aa1a7d0c5f7
[INFO] running `Command { std: "docker" "start" "-a" "c710557d388a0f5733268d1253b5f34499513249f445be4177ce0aa1a7d0c5f7", kill_on_drop: false }`
[INFO] running `Command { std: "docker" "inspect" "c710557d388a0f5733268d1253b5f34499513249f445be4177ce0aa1a7d0c5f7", kill_on_drop: false }`
[INFO] running `Command { std: "docker" "rm" "-f" "c710557d388a0f5733268d1253b5f34499513249f445be4177ce0aa1a7d0c5f7", kill_on_drop: false }`
[INFO] [stdout] c710557d388a0f5733268d1253b5f34499513249f445be4177ce0aa1a7d0c5f7
[INFO] running `Command { std: "docker" "create" "-v" "/var/lib/crater-agent-workspace/builds/worker-6-tc1/target:/opt/rustwide/target:rw,Z" "-v" "/var/lib/crater-agent-workspace/builds/worker-6-tc1/source:/opt/rustwide/workdir:ro,Z" "-v" "/var/lib/crater-agent-workspace/cargo-home:/opt/rustwide/cargo-home:ro,Z" "-v" "/var/lib/crater-agent-workspace/rustup-home:/opt/rustwide/rustup-home:ro,Z" "-e" "SOURCE_DIR=/opt/rustwide/workdir" "-e" "CARGO_TARGET_DIR=/opt/rustwide/target" "-e" "CARGO_INCREMENTAL=0" "-e" "RUST_BACKTRACE=full" "-e" "RUSTFLAGS=--cap-lints=forbid" "-e" "RUSTDOCFLAGS=--cap-lints=forbid" "-e" "CARGO_HOME=/opt/rustwide/cargo-home" "-e" "RUSTUP_HOME=/opt/rustwide/rustup-home" "-w" "/opt/rustwide/workdir" "-m" "1610612736" "--user" "0:0" "--network" "none" "ghcr.io/rust-lang/crates-build-env/linux@sha256:19e73879b68f455e41552ea35293514db52ea292d993f571636dbffedb77a1ee" "/opt/rustwide/cargo-home/bin/cargo" "+9610dfe5a9a731ced1ea4923ecbd0c57fe367898" "check" "--frozen" "--all" "--all-targets" "--message-format=json", kill_on_drop: false }`
[INFO] [stdout] a9b65871e1ee91f31feb14dc97d5bb89c3def2acbf17492d35857496488caa90
[INFO] running `Command { std: "docker" "start" "-a" "a9b65871e1ee91f31feb14dc97d5bb89c3def2acbf17492d35857496488caa90", kill_on_drop: false }`
[INFO] [stderr] warning: profiles for the non root package will be ignored, specify profiles at the workspace root:
[INFO] [stderr] package:   /opt/rustwide/workdir/cloudflare_worker/Cargo.toml
[INFO] [stderr] workspace: /opt/rustwide/workdir/Cargo.toml
[INFO] [stderr] warning: profiles for the non root package will be ignored, specify profiles at the workspace root:
[INFO] [stderr] package:   /opt/rustwide/workdir/fastly_compute/Cargo.toml
[INFO] [stderr] workspace: /opt/rustwide/workdir/Cargo.toml
[INFO] [stderr]    Compiling libc v0.2.127
[INFO] [stderr]    Compiling proc-macro2 v1.0.47
[INFO] [stderr]    Compiling unicode-ident v1.0.0
[INFO] [stderr]    Compiling syn v1.0.105
[INFO] [stderr]     Checking cfg-if v1.0.0
[INFO] [stderr]    Compiling autocfg v1.1.0
[INFO] [stderr]    Compiling version_check v0.9.3
[INFO] [stderr]    Compiling memchr v2.4.1
[INFO] [stderr]    Compiling cc v1.0.69
[INFO] [stderr]    Compiling log v0.4.17
[INFO] [stderr]    Compiling serde_derive v1.0.149
[INFO] [stderr]    Compiling serde v1.0.149
[INFO] [stderr]     Checking once_cell v1.16.0
[INFO] [stderr]     Checking bytes v1.0.1
[INFO] [stderr]    Compiling typenum v1.15.0
[INFO] [stderr]     Checking itoa v1.0.1
[INFO] [stderr]    Compiling generic-array v0.14.4
[INFO] [stderr]    Compiling quote v1.0.9
[INFO] [stderr]     Checking pin-project-lite v0.2.9
[INFO] [stderr]     Checking smallvec v1.8.0
[INFO] [stderr]     Checking bitflags v1.3.2
[INFO] [stderr]    Compiling futures-core v0.3.25
[INFO] [stderr]    Compiling thiserror v1.0.37
[INFO] [stderr]    Compiling parking_lot_core v0.9.1
[INFO] [stderr]     Checking lazy_static v1.4.0
[INFO] [stderr]     Checking fnv v1.0.7
[INFO] [stderr]     Checking scopeguard v1.1.0
[INFO] [stderr]    Compiling tokio v1.23.0
[INFO] [stderr]     Checking lock_api v0.4.6
[INFO] [stderr]     Checking http v0.2.8
[INFO] [stderr]     Checking slab v0.4.3
[INFO] [stderr]     Checking matches v0.1.8
[INFO] [stderr]    Compiling getrandom v0.1.16
[INFO] [stderr]     Checking futures-sink v0.3.25
[INFO] [stderr]    Compiling futures-channel v0.3.25
[INFO] [stderr]    Compiling pkg-config v0.3.19
[INFO] [stderr]    Compiling futures-task v0.3.25
[INFO] [stderr]    Compiling ahash v0.7.6
[INFO] [stderr]     Checking getrandom v0.2.8
[INFO] [stderr]     Checking socket2 v0.4.7
[INFO] [stderr]     Checking rand_core v0.6.3
[INFO] [stderr]     Checking parking_lot v0.12.0
[INFO] [stderr]     Checking mio v0.8.4
[INFO] [stderr]     Checking signal-hook-registry v1.4.0
[INFO] [stderr]     Checking num_cpus v1.13.0
[INFO] [stderr]     Checking tinyvec_macros v0.1.0
[INFO] [stderr]    Compiling futures-util v0.3.25
[INFO] [stderr]     Checking tinyvec v1.2.0
[INFO] [stderr]     Checking futures-io v0.3.25
[INFO] [stderr]     Checking pin-utils v0.1.0
[INFO] [stderr]    Compiling ryu v1.0.5
[INFO] [stderr]     Checking unicode-bidi v0.3.5
[INFO] [stderr]     Checking percent-encoding v2.2.0
[INFO] [stderr]     Checking subtle v2.4.1
[INFO] [stderr]    Compiling num-traits v0.2.14
[INFO] [stderr]     Checking form_urlencoded v1.1.0
[INFO] [stderr]     Checking hashbrown v0.12.0
[INFO] [stderr]     Checking byteorder v1.4.3
[INFO] [stderr]     Checking base64 v0.13.1
[INFO] [stderr]    Compiling indexmap v1.9.1
[INFO] [stderr]    Compiling miniz_oxide v0.4.4
[INFO] [stderr]     Checking block-buffer v0.10.1
[INFO] [stderr]     Checking crypto-common v0.1.3
[INFO] [stderr]     Checking unicode-normalization v0.1.19
[INFO] [stderr]     Checking adler v1.0.2
[INFO] [stderr]     Checking digest v0.10.5
[INFO] [stderr]    Compiling httparse v1.8.0
[INFO] [stderr]     Checking ppv-lite86 v0.2.10
[INFO] [stderr]    Compiling unicode-xid v0.2.1
[INFO] [stderr]     Checking idna v0.3.0
[INFO] [stderr]     Checking itoa v0.4.7
[INFO] [stderr]     Checking cpufeatures v0.2.1
[INFO] [stderr]    Compiling backtrace v0.3.59
[INFO] [stderr]    Compiling openssl-src v111.22.0+1.1.1q
[INFO] [stderr]     Checking gimli v0.24.0
[INFO] [stderr]    Compiling serde_json v1.0.89
[INFO] [stderr]    Compiling num-integer v0.1.44
[INFO] [stderr]     Checking object v0.24.0
[INFO] [stderr]    Compiling wasm-bindgen-shared v0.2.83
[INFO] [stderr]    Compiling openssl-sys v0.9.66
[INFO] [stderr]     Checking rustc-demangle v0.1.20
[INFO] [stderr]    Compiling rand_core v0.5.1
[INFO] [stderr]     Checking aho-corasick v0.7.18
[INFO] [stderr]     Checking regex-syntax v0.6.27
[INFO] [stderr]    Compiling rand_chacha v0.2.2
[INFO] [stderr]    Compiling rand_pcg v0.2.1
[INFO] [stderr]    Compiling siphasher v0.3.6
[INFO] [stderr]    Compiling phf_shared v0.8.0
[INFO] [stderr]    Compiling rand v0.7.3
[INFO] [stderr]    Compiling synstructure v0.12.5
[INFO] [stderr]     Checking addr2line v0.15.2
[INFO] [stderr]     Checking rand_chacha v0.3.1
[INFO] [stderr]    Compiling ring v0.16.20
[INFO] [stderr]     Checking tracing-core v0.1.29
[INFO] [stderr]     Checking regex v1.7.0
[INFO] [stderr]    Compiling bumpalo v3.6.1
[INFO] [stderr]     Checking zeroize v1.5.5
[INFO] [stderr]    Compiling wasm-bindgen-backend v0.2.83
[INFO] [stderr]    Compiling phf_generator v0.8.0
[INFO] [stderr]     Checking rand v0.8.5
[INFO] [stderr]     Checking openssl-probe v0.1.4
[INFO] [stderr]     Checking minimal-lexical v0.2.1
[INFO] [stderr]     Checking time v0.1.44
[INFO] [stderr]     Checking nom v7.1.1
[INFO] [stderr]    Compiling async-trait v0.1.59
[INFO] [stderr]     Checking const-oid v0.9.0
[INFO] [stderr]    Compiling anyhow v1.0.66
[INFO] [stderr]    Compiling time-macros v0.2.3
[INFO] [stderr]     Checking data-encoding v2.3.2
[INFO] [stderr]     Checking spin v0.5.2
[INFO] [stderr]    Compiling wasm-bindgen-macro-support v0.2.83
[INFO] [stderr]    Compiling wasm-bindgen v0.2.83
[INFO] [stderr]    Compiling proc-macro-hack v0.5.19
[INFO] [stderr]     Checking untrusted v0.7.1
[INFO] [stderr]    Compiling encoding_rs v0.8.28
[INFO] [stderr]     Checking num_threads v0.1.3
[INFO] [stderr]     Checking rusticata-macros v4.0.0
[INFO] [stderr]     Checking der v0.6.0
[INFO] [stderr]     Checking try-lock v0.2.3
[INFO] [stderr]     Checking httpdate v1.0.1
[INFO] [stderr]    Compiling thiserror-impl v1.0.37
[INFO] [stderr]    Compiling tokio-macros v1.7.0
[INFO] [stderr]    Compiling futures-macro v0.3.25
[INFO] [stderr]    Compiling tracing-attributes v0.1.22
[INFO] [stderr]    Compiling wasm-bindgen-macro v0.2.83
[INFO] [stderr]    Compiling asn1-rs-impl v0.1.0
[INFO] [stderr]    Compiling displaydoc v0.2.3
[INFO] [stderr]     Checking tracing v0.1.36
[INFO] [stderr]     Checking base64ct v1.5.0
[INFO] [stderr]     Checking want v0.3.0
[INFO] [stderr]     Checking spki v0.6.0
[INFO] [stderr]     Checking http-body v0.4.3
[INFO] [stderr]    Compiling num-bigint v0.4.0
[INFO] [stderr]     Checking tower-service v0.3.1
[INFO] [stderr]     Checking iana-time-zone v0.1.45
[INFO] [stderr]     Checking lazycell v1.3.0
[INFO] [stderr]     Checking pkcs8 v0.9.0
[INFO] [stderr]     Checking webpki v0.22.0
[INFO] [stderr]    Compiling phf_macros v0.8.0
[INFO] [stderr]    Compiling asn1-rs-derive v0.4.0
[INFO] [stderr]    Compiling cssparser v0.27.2
[INFO] [stderr]    Compiling phf_codegen v0.8.0
[INFO] [stderr]     Checking crypto-bigint v0.4.7
[INFO] [stderr]     Checking ff v0.12.0
[INFO] [stderr]    Compiling unicase v2.6.0
[INFO] [stderr]     Checking dtoa v0.4.8
[INFO] [stderr]     Checking tokio-util v0.6.7
[INFO] [stderr]     Checking base16ct v0.1.1
[INFO] [stderr]     Checking unicode-width v0.1.8
[INFO] [stderr]    Compiling rustls v0.20.7
[INFO] [stderr]     Checking mime v0.3.16
[INFO] [stderr]     Checking safemem v0.3.3
[INFO] [stderr]     Checking phf v0.8.0
[INFO] [stderr]     Checking sec1 v0.3.0
[INFO] [stderr]     Checking dtoa-short v0.3.3
[INFO] [stderr]     Checking h2 v0.3.11
[INFO] [stderr]     Checking group v0.12.0
[INFO] [stderr]    Compiling selectors v0.22.0
[INFO] [stderr]     Checking js-sys v0.3.60
[INFO] [stderr]     Checking sct v0.7.0
[INFO] [stderr]    Compiling cssparser-macros v0.6.0
[INFO] [stderr]     Checking hmac v0.12.1
[INFO] [stderr]    Compiling openssl v0.10.36
[INFO] [stderr]    Compiling convert_case v0.4.0
[INFO] [stderr]     Checking foreign-types-shared v0.1.1
[INFO] [stderr]     Checking stable_deref_trait v1.2.0
[INFO] [stderr]    Compiling oid-registry v0.6.0
[INFO] [stderr]     Checking nodrop v0.1.14
[INFO] [stderr]     Checking cookie-factory v0.3.2
[INFO] [stderr]     Checking servo_arc v0.1.1
[INFO] [stderr]    Compiling derive_more v0.99.17
[INFO] [stderr]     Checking foreign-types v0.3.2
[INFO] [stderr]     Checking rfc6979 v0.2.0
[INFO] [stderr]     Checking elliptic-curve v0.12.1
[INFO] [stderr]     Checking futures-executor v0.3.25
[INFO] [stderr]     Checking signature v1.5.0
[INFO] [stderr]     Checking fxhash v0.2.1
[INFO] [stderr]     Checking rustls-pemfile v0.2.1
[INFO] [stderr]     Checking block-buffer v0.9.0
[INFO] [stderr]     Checking digest v0.9.0
[INFO] [stderr]    Compiling proc-macro-error-attr v1.0.4
[INFO] [stderr]    Compiling native-tls v0.2.8
[INFO] [stderr]     Checking thin-slice v0.1.1
[INFO] [stderr]     Checking opaque-debug v0.3.0
[INFO] [stderr]     Checking precomputed-hash v0.1.1
[INFO] [stderr]     Checking ecdsa v0.14.0
[INFO] [stderr]     Checking futures v0.3.25
[INFO] [stderr]     Checking sha2 v0.10.6
[INFO] [stderr]     Checking atty v0.2.14
[INFO] [stderr]    Compiling proc-macro-error v1.0.4
[INFO] [stderr]     Checking unsafe-libyaml v0.2.4
[INFO] [stderr]     Checking ipnet v2.3.1
[INFO] [stderr]     Checking cfg-if v0.1.10
[INFO] [stderr]     Checking linked-hash-map v0.5.4
[INFO] [stderr]     Checking url v2.3.1
[INFO] [stderr]     Checking time v0.3.7
[INFO] [stderr]     Checking chrono v0.4.23
[INFO] [stderr]     Checking tokio-rustls v0.23.4
[INFO] [stderr]     Checking serde_urlencoded v0.7.0
[INFO] [stderr]     Checking hyper v0.14.23
[INFO] [stderr]     Checking serde_yaml v0.9.14
[INFO] [stderr]     Checking serde-wasm-bindgen v0.4.5
[INFO] [stderr]     Checking p256 v0.11.1
[INFO] [stderr]     Checking asn1-rs v0.5.1
[INFO] [stderr]    Compiling mime_guess v2.0.3
[INFO] [stderr]     Checking web-sys v0.3.60
[INFO] [stderr]     Checking wasm-bindgen-futures v0.4.33
[INFO] [stderr]     Checking rustls-native-certs v0.6.1
[INFO] [stderr]     Checking webpki-roots v0.22.2
[INFO] [stderr]     Checking sha1 v0.10.5
[INFO] [stderr]     Checking pem v1.1.0
[INFO] [stderr]    Compiling libz-sys v1.1.3
[INFO] [stderr]    Compiling heck v0.4.0
[INFO] [stderr]     Checking der-parser v8.1.0
[INFO] [stderr]    Compiling ident_case v1.0.1
[INFO] [stderr]    Compiling strsim v0.10.0
[INFO] [stderr]     Checking sha2 v0.9.8
[INFO] [stderr]     Checking x509-parser v0.14.0
[INFO] [stderr]    Compiling darling_core v0.13.0
[INFO] [stderr]    Compiling curl-sys v0.4.45+curl-7.78.0
[INFO] [stderr]    Compiling bzip2-sys v0.1.11+1.0.8
[INFO] [stderr]     Checking terminal_size v0.1.17
[INFO] [stderr]     Checking iovec v0.1.4
[INFO] [stderr]     Checking utf-8 v0.7.6
[INFO] [stderr]     Checking regex-automata v0.1.10
[INFO] [stderr]    Compiling crc32fast v1.2.1
[INFO] [stderr]     Checking lol_html v0.3.1
[INFO] [stderr]     Checking bstr v0.2.15
[INFO] [stderr]     Checking net2 v0.2.37
[INFO] [stderr]    Compiling pin-project-internal v1.0.8
[INFO] [stderr]     Checking generic-array v0.12.4
[INFO] [stderr]     Checking termios v0.3.3
[INFO] [stderr]    Compiling error-chain v0.12.4
[INFO] [stderr]     Checking termcolor v1.1.2
[INFO] [stderr]     Checking byte-tools v0.3.1
[INFO] [stderr]    Compiling lexical-core v0.7.6
[INFO] [stderr]     Checking hyper-rustls v0.23.2
[INFO] [stderr]     Checking static_assertions v1.1.0
[INFO] [stderr]    Compiling rustversion v1.0.5
[INFO] [stderr]    Compiling failure_derive v0.1.8
[INFO] [stderr]     Checking block-padding v0.1.5
[INFO] [stderr]     Checking mio v0.6.23
[INFO] [stderr]     Checking tokio-stream v0.1.7
[INFO] [stderr]     Checking sha-1 v0.10.0
[INFO] [stderr]     Checking sxg_rs v0.1.0 (/opt/rustwide/workdir/sxg_rs)
[INFO] [stderr]     Checking filetime v0.2.15
[INFO] [stderr]     Checking dirs-sys v0.3.6
[INFO] [stderr]    Compiling nom v5.1.2
[INFO] [stderr]     Checking either v1.6.1
[INFO] [stderr]     Checking same-file v1.0.6
[INFO] [stderr]     Checking arrayvec v0.5.2
[INFO] [stderr]     Checking os_str_bytes v6.0.0
[INFO] [stderr]    Compiling unicode-segmentation v1.8.0
[INFO] [stderr]     Checking cpufeatures v0.1.5
[INFO] [stderr]     Checking remove_dir_all v0.5.3
[INFO] [stderr]    Compiling curl v0.4.38
[INFO] [stderr]    Compiling crossbeam-utils v0.8.8
[INFO] [stderr]     Checking clap_lex v0.2.2
[INFO] [stderr]    Compiling heck v0.3.3
[INFO] [stderr]     Checking tempfile v3.2.0
[INFO] [stderr]     Checking pin-project v1.0.8
[INFO] [stderr]     Checking sha-1 v0.9.7
[INFO] [stderr]     Checking mio-extras v2.0.6
[INFO] [stderr]     Checking walkdir v2.3.2
[INFO] [stderr]     Checking flate2 v1.0.20
[INFO] [stderr]     Checking bzip2 v0.4.3
[INFO] [stderr]    Compiling darling_macro v0.13.0
[INFO] [stderr]     Checking block-buffer v0.7.3
[INFO] [stderr]     Checking digest v0.8.1
[INFO] [stderr]    Compiling clap_derive v3.2.18
[INFO] [stderr]     Checking textwrap v0.11.0
[INFO] [stderr]     Checking xattr v0.2.2
[INFO] [stderr]     Checking inotify-sys v0.1.5
[INFO] [stderr]     Checking dirs v1.0.5
[INFO] [stderr]    Compiling darling v0.13.0
[INFO] [stderr]     Checking clicolors-control v1.0.1
[INFO] [stderr]    Compiling serde_with_macros v1.4.2
[INFO] [stderr]    Compiling sys-info v0.9.0
[INFO] [stderr]     Checking input_buffer v0.4.0
[INFO] [stderr]     Checking csv-core v0.1.10
[INFO] [stderr]     Checking vec_map v0.8.2
[INFO] [stderr]     Checking percent-encoding v1.0.1
[INFO] [stderr]     Checking fake-simd v0.1.2
[INFO] [stderr]     Checking ansi_term v0.11.0
[INFO] [stderr]     Checking opaque-debug v0.2.3
[INFO] [stderr]     Checking strsim v0.8.0
[INFO] [stderr]     Checking textwrap v0.16.0
[INFO] [stderr]    Compiling erased-serde v0.3.16
[INFO] [stderr]    Compiling semver v1.0.4
[INFO] [stderr]     Checking clap v2.33.3
[INFO] [stderr]     Checking sha-1 v0.8.2
[INFO] [stderr]     Checking csv v1.1.6
[INFO] [stderr]     Checking serde_qs v0.4.6
[INFO] [stderr]     Checking console v0.9.2
[INFO] [stderr]     Checking term v0.5.2
[INFO] [stderr]     Checking failure v0.1.8
[INFO] [stderr]     Checking inotify v0.7.1
[INFO] [stderr]     Checking tar v0.4.37
[INFO] [stderr]     Checking zip v0.5.13
[INFO] [stderr]     Checking serde_with v1.9.4
[INFO] [stderr]    Compiling structopt-derive v0.4.15
[INFO] [stderr]     Checking itertools v0.10.1
[INFO] [stderr]     Checking dirs v2.0.2
[INFO] [stderr]     Checking tungstenite v0.17.3
[INFO] [stderr]     Checking globset v0.4.8
[INFO] [stderr]     Checking console v0.11.3
[INFO] [stderr]     Checking bytes v0.4.12
[INFO] [stderr]     Checking console v0.15.0
[INFO] [stderr]     Checking clap v3.2.23
[INFO] [stderr]     Checking yaml-rust v0.4.5
[INFO] [stderr]     Checking uuid v0.8.2
[INFO] [stderr]     Checking toml v0.5.9
[INFO] [stderr]     Checking serde_path_to_error v0.1.5
[INFO] [stderr]     Checking buf_redux v0.8.4
[INFO] [stderr]    Compiling asn1-rs-derive v0.1.0
[INFO] [stderr]     Checking float-cmp v0.9.0
[INFO] [stderr]     Checking headers-core v0.2.0
[INFO] [stderr]     Checking fs2 v0.4.3
[INFO] [stderr]     Checking term_size v0.3.2
[INFO] [stderr]     Checking combine v4.6.0
[INFO] [stderr]     Checking twoway v0.1.8
[INFO] [stderr]     Checking thread_local v1.1.4
[INFO] [stderr]     Checking number_prefix v0.3.0
[INFO] [stderr]     Checking predicates-core v1.0.2
[INFO] [stderr]     Checking hex v0.4.3
[INFO] [stderr]     Checking rust-ini v0.13.0
[INFO] [stderr]     Checking is_executable v0.1.2
[INFO] [stderr]     Checking quick-error v1.2.3
[INFO] [stderr]     Checking humantime v2.1.0
[INFO] [stderr]     Checking difflib v0.4.0
[INFO] [stderr]     Checking unescape v0.1.0
[INFO] [stderr]     Checking encode_unicode v0.3.6
[INFO] [stderr]     Checking ansi_term v0.12.1
[INFO] [stderr]     Checking normalize-line-endings v0.3.0
[INFO] [stderr]     Checking predicates v2.0.2
[INFO] [stderr]     Checking colored_json v2.1.0
[INFO] [stderr]     Checking config v0.11.0
[INFO] [stderr]     Checking chrome-devtools-rs v0.0.0-alpha.3
[INFO] [stderr]     Checking asn1-rs v0.3.1
[INFO] [stderr]     Checking prettytable-rs v0.8.0
[INFO] [stderr]     Checking env_logger v0.8.4
[INFO] [stderr]     Checking multipart v0.18.0
[INFO] [stderr]     Checking ignore v0.4.18
[INFO] [stderr]     Checking indicatif v0.15.0
[INFO] [stderr]     Checking structopt v0.3.22
[INFO] [stderr]     Checking billboard v0.1.0
[INFO] [stderr]     Checking headers v0.3.7
[INFO] [stderr]     Checking parity-ws v0.11.0
[INFO] [stderr]     Checking tokio-tungstenite v0.17.2
[INFO] [stderr]     Checking notify v4.0.17
[INFO] [stderr]     Checking tokio-retry v0.3.0
[INFO] [stderr]     Checking which v4.2.2
[INFO] [stderr]     Checking dirs v3.0.2
[INFO] [stderr]     Checking twox-hash v1.6.1
[INFO] [stderr]     Checking console v0.14.1
[INFO] [stderr]    Compiling enum-as-inner v0.5.1
[INFO] [stderr]     Checking tokio-util v0.7.4
[INFO] [stderr]     Checking os-version v0.2.0
[INFO] [stderr]     Checking idna v0.2.3
[INFO] [stderr]     Checking nix v0.25.0
[INFO] [stderr]     Checking number_prefix v0.4.0
[INFO] [stderr]     Checking scoped-tls v1.0.0
[INFO] [stderr]     Checking text_io v0.1.9
[INFO] [stderr]     Checking path-slash v0.1.4
[INFO] [stderr]     Checking warp v0.3.3
[INFO] [stderr]     Checking der-parser v7.0.0
[INFO] [stderr]     Checking lru-cache v0.1.2
[INFO] [stderr]     Checking fastly-shared v0.8.9
[INFO] [stderr]    Compiling fastly-macros v0.8.9
[INFO] [stderr]     Checking fastly-sys v0.8.9
[INFO] [stderr]     Checking trust-dns-proto v0.22.0
[INFO] [stderr]     Checking half v1.8.2
[INFO] [stderr]     Checking ciborium-io v0.2.0
[INFO] [stderr]     Checking bytes v0.5.6
[INFO] [stderr]     Checking ciborium-ll v0.2.0
[INFO] [stderr]    Compiling async-stream-impl v0.3.2
[INFO] [stderr]     Checking ctrlc v3.2.3
[INFO] [stderr]    Compiling byte-strings-proc_macros v0.2.2
[INFO] [stderr]     Checking ciborium v0.2.0
[INFO] [stderr]     Checking fastly v0.8.9
[INFO] [stderr]     Checking tls-listener v0.5.1
[INFO] [stderr]     Checking hyper-reverse-proxy v0.5.2-dev (https://github.com/felipenoris/hyper-reverse-proxy?rev=96a398de8522fac07a5e15bd0699f6cd7fa84bce#96a398de)
[INFO] [stderr]     Checking byte-strings v0.2.2
[INFO] [stderr]     Checking console_error_panic_hook v0.1.7
[INFO] [stderr]     Checking lru v0.8.1
[INFO] [stderr]     Checking rustls-pemfile v1.0.1
[INFO] [stderr]     Checking async-stream v0.3.2
[INFO] [stderr]     Checking assert_matches v1.5.0
[INFO] [stderr]     Checking log-fastly v0.8.9
[INFO] [stderr]     Checking cloudflare_worker v0.1.0 (/opt/rustwide/workdir/cloudflare_worker)
[INFO] [stderr]     Checking tokio-test v0.4.2
[INFO] [stderr]     Checking fastly_compute v0.1.0 (/opt/rustwide/workdir/fastly_compute)
[INFO] [stdout] error[E0053]: method `fetch` has an incompatible type for trait
[INFO] [stdout]   --> fastly_compute/src/fetcher.rs:43:5
[INFO] [stdout]    |
[INFO] [stdout] 43 |     async fn fetch(&self, request: HttpRequest) -> Result<HttpResponse> {
[INFO] [stdout]    |     ^^^^^ expected trait `Future<Output = Result<HttpResponse, anyhow::Error>>`, found trait `Future<Output = Result<HttpResponse, anyhow::Error>> + Send`
[INFO] [stdout]    |
[INFO] [stdout]    = note: expected signature `fn(&'life0 FastlyFetcher, HttpRequest) -> Pin<Box<(dyn Future<Output = Result<HttpResponse, anyhow::Error>> + 'async_trait)>>`
[INFO] [stdout]               found signature `fn(&'life0 FastlyFetcher, HttpRequest) -> Pin<Box<(dyn Future<Output = Result<HttpResponse, anyhow::Error>> + Send + 'async_trait)>>`
[INFO] [stdout] 
[INFO] [stdout] 
[INFO] [stdout] error[E0053]: method `read` has an incompatible type for trait
[INFO] [stdout]   --> fastly_compute/src/storage.rs:25:5
[INFO] [stdout]    |
[INFO] [stdout] 25 |     async fn read(&self, k: &str) -> Result<Option<String>> {
[INFO] [stdout]    |     ^^^^^ expected trait `Future<Output = Result<Option<std::string::String>, anyhow::Error>>`, found trait `Future<Output = Result<Option<std::string::String>, anyhow::Error>> + Send`
[INFO] [stdout]    |
[INFO] [stdout]    = note: expected signature `fn(&'life0 FastlyStorage, &'life1 str) -> Pin<Box<(dyn Future<Output = Result<Option<std::string::String>, anyhow::Error>> + 'async_trait)>>`
[INFO] [stdout]               found signature `fn(&'life0 FastlyStorage, &'life1 str) -> Pin<Box<(dyn Future<Output = Result<Option<std::string::String>, anyhow::Error>> + Send + 'async_trait)>>`
[INFO] [stdout] 
[INFO] [stdout] 
[INFO] [stdout] error[E0053]: method `write` has an incompatible type for trait
[INFO] [stdout]   --> fastly_compute/src/storage.rs:28:5
[INFO] [stdout]    |
[INFO] [stdout] 28 |     async fn write(&self, _k: &str, _v: &str) -> Result<()> {
[INFO] [stdout]    |     ^^^^^ expected trait `Future<Output = Result<(), anyhow::Error>>`, found trait `Future<Output = Result<(), anyhow::Error>> + Send`
[INFO] [stdout]    |
[INFO] [stdout]    = note: expected signature `fn(&'life0 FastlyStorage, &'life1 str, &'life2 str) -> Pin<Box<(dyn Future<Output = Result<(), anyhow::Error>> + 'async_trait)>>`
[INFO] [stdout]               found signature `fn(&'life0 FastlyStorage, &'life1 str, &'life2 str) -> Pin<Box<(dyn Future<Output = Result<(), anyhow::Error>> + Send + 'async_trait)>>`
[INFO] [stdout] 
[INFO] [stdout] 
[INFO] [stdout] error: aborting due to 3 previous errors
[INFO] [stdout] 
[INFO] [stdout] 
[INFO] [stdout] For more information about this error, try `rustc --explain E0053`.
[INFO] [stdout] 
[INFO] [stderr] error: could not compile `fastly_compute` (bin "fastly_compute" test) due to 4 previous errors
[INFO] [stderr] warning: build failed, waiting for other jobs to finish...
[INFO] [stdout] warning: variable does not need to be mutable
[INFO] [stdout]    --> sxg_rs/src/utils.rs:185:17
[INFO] [stdout]     |
[INFO] [stdout] 185 |             let mut state = &mut *self.state.lock().unwrap();
[INFO] [stdout]     |                 ----^^^^^
[INFO] [stdout]     |                 |
[INFO] [stdout]     |                 help: remove this `mut`
[INFO] [stdout]     |
[INFO] [stdout]     = note: `#[warn(unused_mut)]` on by default
[INFO] [stdout] 
[INFO] [stdout] 
[INFO] [stdout] warning: 1 warning emitted
[INFO] [stdout] 
[INFO] [stdout] 
[INFO] running `Command { std: "docker" "inspect" "a9b65871e1ee91f31feb14dc97d5bb89c3def2acbf17492d35857496488caa90", kill_on_drop: false }`
[INFO] running `Command { std: "docker" "rm" "-f" "a9b65871e1ee91f31feb14dc97d5bb89c3def2acbf17492d35857496488caa90", kill_on_drop: false }`
[INFO] [stdout] a9b65871e1ee91f31feb14dc97d5bb89c3def2acbf17492d35857496488caa90
